{"id":818,"date":"2020-03-02T12:15:29","date_gmt":"2020-03-02T12:15:29","guid":{"rendered":"http:\/\/www.rsti.net.br\/?page_id=818"},"modified":"2022-11-14T17:25:53","modified_gmt":"2022-11-14T20:25:53","slug":"servidores-premium","status":"publish","type":"page","link":"https:\/\/www.rsti.net.br\/?page_id=818","title":{"rendered":"Servidores Premium"},"content":{"rendered":"\n<p class=\"wp-block-paragraph\">A RSTI est\u00e1 conectada diretamente com o canal de vendas corporativas dos maiores fabricantes do mercado, oferecendo vantagens n\u00e3o encontradas no varejo: financiamento direto, financiamento com o cart\u00e3o BNDS, parcelamento sem juros, ou descontos significativos com pagamento \u00e0 vista.<\/p>\n\n\n\n<p class=\"wp-block-paragraph\">Entre em contato e traga sua demanda, nosso canal de vendas ter\u00e1 prazer em propor uma solu\u00e7\u00e3o que se adeque \u00e0 disponibilidade financeira da sua empresa.<\/p>\n\n\n\n<p class=\"wp-block-paragraph\">Para servidores de grande capacidade de processamento, trabalhamos com tres grandes marcas: <a href=\"http:\/\/www.rsti.net.br\/?page_id=818\">HP<\/a>, <a href=\"http:\/\/www.rsti.net.br\/?page_id=818\">Dell<\/a> e <a href=\"https:\/\/www.lenovo.com\/br\/pt\/data-center\/servers\/rack-servers\/c\/racks\">Lenovo<\/a>.<\/p>\n\n\n\n<figure class=\"wp-block-image size-large\"><img loading=\"lazy\" decoding=\"async\" width=\"520\" height=\"200\" src=\"http:\/\/www.rsti.net.br\/wp-content\/uploads\/2020\/02\/thomas-40017526.jpg\" alt=\"thomas-40017526\" class=\"wp-image-582\" srcset=\"https:\/\/www.rsti.net.br\/wp-content\/uploads\/2020\/02\/thomas-40017526.jpg 520w, https:\/\/www.rsti.net.br\/wp-content\/uploads\/2020\/02\/thomas-40017526-300x115.jpg 300w\" sizes=\"auto, (max-width: 520px) 100vw, 520px\" \/><figcaption class=\"wp-element-caption\">thomas-40017526<\/figcaption><\/figure>\n\n\n\n<pre class=\"wp-block-preformatted has-green-background-color has-background has-extra-small-font-size\">Para conhecer nossas op\u00e7\u00f5es de servidores premium\ncom as quais trabalhamos acesse os links abaixo<\/pre>\n\n\n\n<p class=\"wp-block-paragraph\"><a href=\"http:\/\/www.rsti.net.br\/?page_id=809\" data-type=\"page\" data-id=\"809\">Servidores Dell EMC<\/a><\/p>\n\n\n\n<p class=\"wp-block-paragraph\"><a href=\"http:\/\/www.rsti.net.br\/?page_id=117\" data-type=\"page\" data-id=\"117\">HPE Proliant DL380 Gen10<\/a><\/p>\n","protected":false},"excerpt":{"rendered":"<p>A RSTI est\u00e1 conectada diretamente com o canal de vendas corporativas dos maiores fabricantes do mercado, oferecendo vantagens n\u00e3o encontradas no varejo: financiamento direto, financiamento com o cart\u00e3o BNDS, parcelamento sem juros, ou descontos significativos com pagamento \u00e0 vista. Entre em contato e traga sua demanda, nosso canal de vendas ter\u00e1 prazer em propor uma&hellip; <a class=\"more-link\" href=\"https:\/\/www.rsti.net.br\/?page_id=818\">Continuar lendo <span class=\"screen-reader-text\">Servidores Premium<\/span><\/a><\/p>\n","protected":false},"author":1,"featured_media":0,"parent":0,"menu_order":0,"comment_status":"closed","ping_status":"closed","template":"","meta":{"_crdt_document":"","footnotes":""},"categories":[14],"tags":[46],"class_list":["post-818","page","type-page","status-publish","hentry","category-serv_premium","tag-servidores-rack-dell-hp-lenovo","entry"],"_links":{"self":[{"href":"https:\/\/www.rsti.net.br\/index.php?rest_route=\/wp\/v2\/pages\/818","targetHints":{"allow":["GET"]}}],"collection":[{"href":"https:\/\/www.rsti.net.br\/index.php?rest_route=\/wp\/v2\/pages"}],"about":[{"href":"https:\/\/www.rsti.net.br\/index.php?rest_route=\/wp\/v2\/types\/page"}],"author":[{"embeddable":true,"href":"https:\/\/www.rsti.net.br\/index.php?rest_route=\/wp\/v2\/users\/1"}],"replies":[{"embeddable":true,"href":"https:\/\/www.rsti.net.br\/index.php?rest_route=%2Fwp%2Fv2%2Fcomments&post=818"}],"version-history":[{"count":0,"href":"https:\/\/www.rsti.net.br\/index.php?rest_route=\/wp\/v2\/pages\/818\/revisions"}],"wp:attachment":[{"href":"https:\/\/www.rsti.net.br\/index.php?rest_route=%2Fwp%2Fv2%2Fmedia&parent=818"}],"wp:term":[{"taxonomy":"category","embeddable":true,"href":"https:\/\/www.rsti.net.br\/index.php?rest_route=%2Fwp%2Fv2%2Fcategories&post=818"},{"taxonomy":"post_tag","embeddable":true,"href":"https:\/\/www.rsti.net.br\/index.php?rest_route=%2Fwp%2Fv2%2Ftags&post=818"}],"curies":[{"name":"wp","href":"https:\/\/api.w.org\/{rel}","templated":true}]}}