{"id":809,"date":"2020-03-02T02:26:59","date_gmt":"2020-03-02T02:26:59","guid":{"rendered":"http:\/\/www.rsti.net.br\/?page_id=809"},"modified":"2023-03-18T23:31:27","modified_gmt":"2023-03-19T02:31:27","slug":"dell-emc-poweredge-14o-geracao","status":"publish","type":"page","link":"https:\/\/www.rsti.net.br\/?page_id=809","title":{"rendered":"Servidores Dell EMC"},"content":{"rendered":"<p><img loading=\"lazy\" decoding=\"async\" class=\"wp-image-1530 size-full aligncenter\" src=\"http:\/\/www.rsti.net.br\/wp-content\/uploads\/2020\/10\/Dell-EMC-PowerEdge-R730xd-Front-No-Reflection.png\" alt=\"\" width=\"800\" height=\"237\" srcset=\"https:\/\/www.rsti.net.br\/wp-content\/uploads\/2020\/10\/Dell-EMC-PowerEdge-R730xd-Front-No-Reflection.png 800w, https:\/\/www.rsti.net.br\/wp-content\/uploads\/2020\/10\/Dell-EMC-PowerEdge-R730xd-Front-No-Reflection-300x89.png 300w, https:\/\/www.rsti.net.br\/wp-content\/uploads\/2020\/10\/Dell-EMC-PowerEdge-R730xd-Front-No-Reflection-768x228.png 768w\" sizes=\"auto, (max-width: 800px) 100vw, 800px\" \/><\/p>\n\n\n<figure>\n<figcaption>dell-emc-servers<\/figcaption>\n<\/figure>\n\n\n\n<p class=\"has-small-font-size wp-block-paragraph\">Os servidores Dell EMC PowerEdge oferecem uma plataforma automatizada, segura e escal\u00e1vel, permitindo que empresas equilibrem sua efici\u00eancia operacional com suas iniciativas estrat\u00e9gicas. Essas caracter\u00edsticas permitem que empresas que trabalham com SLAs rigorosos de engajamento com clientes consigam adotar rapidamente novas cargas de trabalho e, assim, atinjam seus objetivos de neg\u00f3cio.<\/p>\n\n\n\n<p class=\"has-small-font-size wp-block-paragraph\">Os aprimoramentos no gerenciamento dos sistemas PowerEdge e OpenManage oferecem maior controle para o gerenciamento da infraestrutura de servidores e redu\u00e7\u00e3o de amea\u00e7as, a partir dos ganhos em desempenho e escalabilidade. Entre os recursos in\u00e9ditos est\u00e3o o OpenManage FlexSelect Manage e o FlexSelect Secure, duas novidades que oferecem maior flexibilidade para o gerenciamento e a prote\u00e7\u00e3o dos sistemas PowerEdge.<\/p>\n\n\n\n<figure class=\"wp-block-image size-full is-resized\"><img loading=\"lazy\" decoding=\"async\" src=\"http:\/\/www.rsti.net.br\/wp-content\/uploads\/2020\/01\/dell_poweredge-1024x619-1.jpg\" alt=\"PowerEdge 12G Server Family\" class=\"wp-image-36\" width=\"610\" height=\"368\" srcset=\"https:\/\/www.rsti.net.br\/wp-content\/uploads\/2020\/01\/dell_poweredge-1024x619-1.jpg 1024w, https:\/\/www.rsti.net.br\/wp-content\/uploads\/2020\/01\/dell_poweredge-1024x619-1-300x181.jpg 300w, https:\/\/www.rsti.net.br\/wp-content\/uploads\/2020\/01\/dell_poweredge-1024x619-1-768x464.jpg 768w\" sizes=\"auto, (max-width: 610px) 100vw, 610px\" \/><\/figure>\n\n\n\n<h3 class=\"wp-block-heading\">Dell EMC 14\u00ba Gera\u00e7\u00e3o<\/h3>\n\n\n\n<p class=\"wp-block-paragraph\"><strong>Maior controle<\/strong><\/p>\n\n\n\n<p class=\"has-small-font-size wp-block-paragraph\">Novos aprimoramentos na API Dell EMC RESTful permitem um controle ainda maior de opera\u00e7\u00f5es e dispositivos, incluindo nova flexibilidade para gerenciar servidores diretamente de um sistema operacional, al\u00e9m de possibilitar o gerenciamento a partir de uma rede. A novidade permite que os usu\u00e1rios integrem mais facilmente servidores PowerEdge em seus processos existentes para uma experi\u00eancia de gerenciamento de servidor mais consistente.<\/p>\n\n\n\n<p class=\"has-small-font-size wp-block-paragraph\">Recursos de realidade aumentada no OpenManage Mobile oferecem uma representa\u00e7\u00e3o gr\u00e1fica que apresenta o local exato de incidentes que ocorrem no ambiente virtual. Com isso, \u00e9 poss\u00edvel identificar com precis\u00e3o as \u00e1reas de risco na infraestrutura PowerEdge MX, o que permite acelerar a solu\u00e7\u00e3o \u2013 a partir de qualquer dispositivo m\u00f3vel.<\/p>\n\n\n\n<p class=\"has-small-font-size wp-block-paragraph\">A TI pode reduzir em 28% o tempo para restabelecer a integridade do servidor, com menos etapas, quando comparado com a recupera\u00e7\u00e3o manual de logs do servidor.<br>Por meio da colabora\u00e7\u00e3o pr\u00f3xima da Dell EMC com a Intel, os servidores PowerEdge poder\u00e3o descobrir, monitorar, configurar e atualizar a mem\u00f3ria Intel Optane DC e j\u00e1 o fazem para os SSDs Intel Optane DC com o gerenciamento do OpenManage. Isso permite economia de tempo com a automa\u00e7\u00e3o da configura\u00e7\u00e3o de BIOS, unidades e mem\u00f3ria. Por meio da detec\u00e7\u00e3o autom\u00e1tica, essas configura\u00e7\u00f5es podem ser replicadas em v\u00e1rios servidores sem necessidade de interven\u00e7\u00e3o manual.<\/p>\n\n\n\n<p class=\"wp-block-paragraph\"><strong>Seguran\u00e7a aprimorada<\/strong><\/p>\n\n\n\n<p class=\"has-small-font-size wp-block-paragraph\">Prote\u00e7\u00e3o de dados escal\u00e1vel e simplifica\u00e7\u00e3o do gerenciamento de unidades de autocriptografia com o novo OpenManage Secure Enterprise Key Manager. Isso permite que a TI gerencie de maneira centralizada as chaves das unidades de autocriptografia para proteger melhor os dados no disco e no servidor.<br>O novo recurso OpenManage FlexSelect Secure oferece aos clientes a flexibilidade de adaptar e dimensionar suas solu\u00e7\u00f5es de seguran\u00e7a para atender aos requisitos do neg\u00f3cio. Por exemplo, as novas op\u00e7\u00f5es de seguran\u00e7a e criptografia adicionadas ao controlador de acesso remoto da Dell (iDRAC) oferecem flexibilidade para permitir comunica\u00e7\u00f5es entre componentes de servidor e conectividade externa com base nas pr\u00f3prias pol\u00edticas de seguran\u00e7a.<\/p>\n\n\n\n<figure class=\"wp-block-image size-full\"><img loading=\"lazy\" decoding=\"async\" width=\"980\" height=\"499\" src=\"http:\/\/www.rsti.net.br\/wp-content\/uploads\/2020\/03\/DellEMC_PowerEdge_R440_IMG10.png\" alt=\"DellEMC_PowerEdge_R440\" class=\"wp-image-788\" srcset=\"https:\/\/www.rsti.net.br\/wp-content\/uploads\/2020\/03\/DellEMC_PowerEdge_R440_IMG10.png 980w, https:\/\/www.rsti.net.br\/wp-content\/uploads\/2020\/03\/DellEMC_PowerEdge_R440_IMG10-300x153.png 300w, https:\/\/www.rsti.net.br\/wp-content\/uploads\/2020\/03\/DellEMC_PowerEdge_R440_IMG10-768x391.png 768w\" sizes=\"auto, (max-width: 980px) 100vw, 980px\" \/><figcaption class=\"wp-element-caption\">DellEMC_PowerEdge_R440<\/figcaption><\/figure>\n\n\n\n<p class=\"wp-block-paragraph\"><strong>Desempenho aprimorado e escal\u00e1vel<\/strong><\/p>\n\n\n\n<p class=\"has-small-font-size wp-block-paragraph\">Com os novos processadores escal\u00e1veis de 2\u00aa gera\u00e7\u00e3o Intel Xeon, a TI pode impulsionar sua transforma\u00e7\u00e3o digital com o aux\u00edlio de alto desempenho. Os servidores PowerEdge, que incluem os novos processadores Intel, oferecem um aumento de at\u00e9 40% no desempenho dos principais aplicativos de neg\u00f3cios, ajudando a melhorar a experi\u00eancia dos usu\u00e1rios na rede corporativa. O ajuste f\u00e1cil da BIOS com perfis de configura\u00e7\u00e3o de servidor otimizados para carga de trabalho permite que a TI configure o desempenho ideal, mesmo com a inclus\u00e3o de novas tecnologias ou cargas de trabalho.&nbsp;<\/p>\n\n\n\n<p class=\"has-small-font-size wp-block-paragraph\">De acordo com testes internos, um \u00fanico servidor Dell EMC PowerEdge R940 com processadores escal\u00e1veis de 2\u00aa gera\u00e7\u00e3o Intel Xeon pode hospedar com sucesso 69.500 usu\u00e1rios simult\u00e2neos dentro do Benchmark de aplicativo padr\u00e3o de vendas e distribui\u00e7\u00e3o SAP. Isso demonstra um aumento de at\u00e9 60% nos usu\u00e1rios suportados a partir de um \u00fanico servidor em compara\u00e7\u00e3o com o PowerEdge R930.<br>Com a nova mem\u00f3ria Intel Optane DC, a TI pode acelerar os bancos de dados em mem\u00f3ria, virtualiza\u00e7\u00e3o e cargas de trabalho de an\u00e1lise de dados com at\u00e9 2,5 vezes mais capacidade de mem\u00f3ria para servidores PowerEdge. O PowerEdge R740xd permite at\u00e9 2,7 vezes mais transa\u00e7\u00f5es por segundo com Intel Optane DC, comparada \u00e0s unidades NVMe em um ambiente virtualizado do Microsoft SQL Server 2019 com o VMware ESXi.<\/p>\n\n\n\n<figure class=\"wp-block-image size-full\"><img loading=\"lazy\" decoding=\"async\" width=\"500\" height=\"225\" src=\"http:\/\/www.rsti.net.br\/wp-content\/uploads\/2020\/09\/dell-emc-poweredge-r640-2-no-reflection_12.png\" alt=\"\" class=\"wp-image-1147\" srcset=\"https:\/\/www.rsti.net.br\/wp-content\/uploads\/2020\/09\/dell-emc-poweredge-r640-2-no-reflection_12.png 500w, https:\/\/www.rsti.net.br\/wp-content\/uploads\/2020\/09\/dell-emc-poweredge-r640-2-no-reflection_12-300x135.png 300w\" sizes=\"auto, (max-width: 500px) 100vw, 500px\" \/><\/figure>\n\n\n\n<p class=\"has-small-font-size wp-block-paragraph\">Com o novo Intel\u00ae Deep Learning Boost, facilitam o gerenciamento de casos de uso paralelo, como deep learning, oferecendo desempenho de infer\u00eancia quase tr\u00eas vezes maior em redes neurais profundas. Os novos recursos s\u00e3o habilitados e suportados no portf\u00f3lio de gerenciamento de sistemas Dell EMC OpenManage. As funcionalidades eliminam a complexidade, permitindo que a TI gerencie sua infraestrutura sem esfor\u00e7o. Al\u00e9m disso, o iDRAC \u00e9 um elemento fundamental do portf\u00f3lio PowerEdge, que permite a automa\u00e7\u00e3o de procedimentos de implanta\u00e7\u00e3o, configura\u00e7\u00e3o, atualiza\u00e7\u00e3o e manuten\u00e7\u00e3o de servidores.<\/p>\n\n\n\n<p class=\"wp-block-paragraph\"><\/p>\n\n\n\n<figure class=\"wp-block-image size-large\"><img loading=\"lazy\" decoding=\"async\" width=\"1024\" height=\"576\" src=\"http:\/\/www.rsti.net.br\/wp-content\/uploads\/2020\/02\/20200107_182740-1-1024x576.jpg\" alt=\"R540-II\" class=\"wp-image-376\" srcset=\"https:\/\/www.rsti.net.br\/wp-content\/uploads\/2020\/02\/20200107_182740-1-1024x576.jpg 1024w, https:\/\/www.rsti.net.br\/wp-content\/uploads\/2020\/02\/20200107_182740-1-300x169.jpg 300w, https:\/\/www.rsti.net.br\/wp-content\/uploads\/2020\/02\/20200107_182740-1-768x432.jpg 768w, https:\/\/www.rsti.net.br\/wp-content\/uploads\/2020\/02\/20200107_182740-1-1536x864.jpg 1536w, https:\/\/www.rsti.net.br\/wp-content\/uploads\/2020\/02\/20200107_182740-1-2048x1152.jpg 2048w, https:\/\/www.rsti.net.br\/wp-content\/uploads\/2020\/02\/20200107_182740-1-1568x882.jpg 1568w\" sizes=\"auto, (max-width: 1024px) 100vw, 1024px\" \/><figcaption class=\"wp-element-caption\">R540-II<\/figcaption><\/figure>\n\n\n\n<p class=\"has-small-font-size wp-block-paragraph\">Acima, um Servidor Dell EMC R540 enviado para configura\u00e7\u00e3o de storage com 8 HD&#8217;s &#8211; 6X4TB Seagate Ironwolf + 2X SSD&#8217;s Intel de 240MB.  para deployment de um servidor NAS &#8211; FreeNASCore &#8211; em Fev\/2020.<\/p>\n\n\n\n<p class=\"orange-message wp-block-paragraph\">Para conhecer melhor esta solu\u00e7\u00e3o, <a href=\"http:\/\/www.rsti.net.br\/?page_id=8\" data-type=\"page\" data-id=\"8\">entre em contato<\/a><\/p>\n","protected":false},"excerpt":{"rendered":"<p>servidores dell EMC rack<\/p>\n","protected":false},"author":1,"featured_media":0,"parent":0,"menu_order":0,"comment_status":"closed","ping_status":"closed","template":"","meta":{"_crdt_document":"","footnotes":""},"categories":[6,14],"tags":[],"class_list":["post-809","page","type-page","status-publish","hentry","category-infraestrutura","category-serv_premium","entry"],"_links":{"self":[{"href":"https:\/\/www.rsti.net.br\/index.php?rest_route=\/wp\/v2\/pages\/809","targetHints":{"allow":["GET"]}}],"collection":[{"href":"https:\/\/www.rsti.net.br\/index.php?rest_route=\/wp\/v2\/pages"}],"about":[{"href":"https:\/\/www.rsti.net.br\/index.php?rest_route=\/wp\/v2\/types\/page"}],"author":[{"embeddable":true,"href":"https:\/\/www.rsti.net.br\/index.php?rest_route=\/wp\/v2\/users\/1"}],"replies":[{"embeddable":true,"href":"https:\/\/www.rsti.net.br\/index.php?rest_route=%2Fwp%2Fv2%2Fcomments&post=809"}],"version-history":[{"count":2,"href":"https:\/\/www.rsti.net.br\/index.php?rest_route=\/wp\/v2\/pages\/809\/revisions"}],"predecessor-version":[{"id":2805,"href":"https:\/\/www.rsti.net.br\/index.php?rest_route=\/wp\/v2\/pages\/809\/revisions\/2805"}],"wp:attachment":[{"href":"https:\/\/www.rsti.net.br\/index.php?rest_route=%2Fwp%2Fv2%2Fmedia&parent=809"}],"wp:term":[{"taxonomy":"category","embeddable":true,"href":"https:\/\/www.rsti.net.br\/index.php?rest_route=%2Fwp%2Fv2%2Fcategories&post=809"},{"taxonomy":"post_tag","embeddable":true,"href":"https:\/\/www.rsti.net.br\/index.php?rest_route=%2Fwp%2Fv2%2Ftags&post=809"}],"curies":[{"name":"wp","href":"https:\/\/api.w.org\/{rel}","templated":true}]}}