{"id":308,"date":"2020-02-19T18:26:59","date_gmt":"2020-02-19T18:26:59","guid":{"rendered":"http:\/\/www.rsti.net.br\/?p=308"},"modified":"2020-02-23T17:15:59","modified_gmt":"2020-02-23T17:15:59","slug":"servidores-vpn","status":"publish","type":"page","link":"https:\/\/www.rsti.net.br\/?page_id=308","title":{"rendered":"Servidores VPN"},"content":{"rendered":"\n<p class=\"has-drop-cap wp-block-paragraph\">A RSTI embarca solu\u00e7\u00f5es de Rede Privada Virtual &#8211; VPN em servidores &#8216;stand-alone&#8221; ou integrados aos demais servi\u00e7os, sobretudo \u00e0s instala\u00e7\u00f5es contendo servidores de redes CIFS\/SAMBA &#8211; windows file sharing.<\/p>\n\n\n\n<p class=\"wp-block-paragraph\">Nossas solu\u00e7\u00f5es integradas com VPN podem vir instaladas igualmente com servi\u00e7os Unix de acesso de compartilhamento ou MAC. Oferecemos diferentes arquiteturas de compartilhamento de rede como LAN\/LAN, Server\/LAN e confinamento de compartilhamentos.<\/p>\n\n\n\n<div class=\"wp-block-image\"><figure class=\"aligncenter size-large is-resized\"><img loading=\"lazy\" decoding=\"async\" src=\"http:\/\/www.rsti.net.br\/wp-content\/uploads\/2020\/02\/vpn-network-diagram-5b56-e1582168744561.png\" alt=\"\" class=\"wp-image-314\" width=\"450\" height=\"392\" srcset=\"https:\/\/www.rsti.net.br\/wp-content\/uploads\/2020\/02\/vpn-network-diagram-5b56-e1582168744561.png 600w, https:\/\/www.rsti.net.br\/wp-content\/uploads\/2020\/02\/vpn-network-diagram-5b56-e1582168744561-300x261.png 300w\" sizes=\"auto, (max-width: 450px) 100vw, 450px\" \/><\/figure><\/div>\n\n\n\n<p class=\"wp-block-paragraph\">Entre em contato para consultas sobre o dimensionamento necess\u00e1rio ao seu perfil de neg\u00f3cio atual e teremos imenso prazer em elaborar um plano de implementa\u00e7\u00e3o de uma VPN expans\u00edvel, r\u00e1pida, segura e est\u00e1vel para sua empresa.<\/p>\n\n\n","protected":false},"excerpt":{"rendered":"<p>A RSTI embarca solu\u00e7\u00f5es de Rede Privada Virtual &#8211; VPN em servidores &#8216;stand-alone&#8221; ou integrados aos demais servi\u00e7os, sobretudo \u00e0s instala\u00e7\u00f5es contendo servidores de redes CIFS\/SAMBA &#8211; windows file sharing. Nossas solu\u00e7\u00f5es integradas com VPN podem vir instaladas igualmente com servi\u00e7os Unix de acesso de compartilhamento ou MAC. Oferecemos diferentes arquiteturas de compartilhamento de rede&hellip; <a class=\"more-link\" href=\"https:\/\/www.rsti.net.br\/?page_id=308\">Continuar lendo <span class=\"screen-reader-text\">Servidores VPN<\/span><\/a><\/p>\n","protected":false},"author":1,"featured_media":0,"parent":94,"menu_order":0,"comment_status":"open","ping_status":"closed","template":"","meta":{"_crdt_document":"","footnotes":""},"categories":[5,18],"tags":[],"class_list":["post-308","page","type-page","status-publish","hentry","category-solucoes_integradas","category-vpns","entry"],"_links":{"self":[{"href":"https:\/\/www.rsti.net.br\/index.php?rest_route=\/wp\/v2\/pages\/308","targetHints":{"allow":["GET"]}}],"collection":[{"href":"https:\/\/www.rsti.net.br\/index.php?rest_route=\/wp\/v2\/pages"}],"about":[{"href":"https:\/\/www.rsti.net.br\/index.php?rest_route=\/wp\/v2\/types\/page"}],"author":[{"embeddable":true,"href":"https:\/\/www.rsti.net.br\/index.php?rest_route=\/wp\/v2\/users\/1"}],"replies":[{"embeddable":true,"href":"https:\/\/www.rsti.net.br\/index.php?rest_route=%2Fwp%2Fv2%2Fcomments&post=308"}],"version-history":[{"count":0,"href":"https:\/\/www.rsti.net.br\/index.php?rest_route=\/wp\/v2\/pages\/308\/revisions"}],"up":[{"embeddable":true,"href":"https:\/\/www.rsti.net.br\/index.php?rest_route=\/wp\/v2\/pages\/94"}],"wp:attachment":[{"href":"https:\/\/www.rsti.net.br\/index.php?rest_route=%2Fwp%2Fv2%2Fmedia&parent=308"}],"wp:term":[{"taxonomy":"category","embeddable":true,"href":"https:\/\/www.rsti.net.br\/index.php?rest_route=%2Fwp%2Fv2%2Fcategories&post=308"},{"taxonomy":"post_tag","embeddable":true,"href":"https:\/\/www.rsti.net.br\/index.php?rest_route=%2Fwp%2Fv2%2Ftags&post=308"}],"curies":[{"name":"wp","href":"https:\/\/api.w.org\/{rel}","templated":true}]}}