{"id":260,"date":"2020-02-19T16:45:33","date_gmt":"2020-02-19T19:45:33","guid":{"rendered":"http:\/\/www.rsti.net.br\/?p=260"},"modified":"2023-03-18T23:22:41","modified_gmt":"2023-03-19T02:22:41","slug":"servidores-certificados","status":"publish","type":"page","link":"https:\/\/www.rsti.net.br\/?page_id=260","title":{"rendered":"Servidores certificados"},"content":{"rendered":"\n<p class=\"has-green-background-color has-background has-large-font-size wp-block-paragraph\"><strong>diferencial<\/strong><\/p>\n\n\n\n<p class=\"wp-block-paragraph\">O principal diferencial da <strong>RSTI<\/strong> junto ao mercado em rela\u00e7\u00e3o \u00e0 certifica\u00e7\u00e3o de servidores semi-novos \u00e9 que nossos servidores s\u00e3o testados quanto \u00e0 compatibilidade, estabilidade e desempenho com o Sistema Operacional instalado e em ambiente de produ\u00e7\u00e3o simulada: instalamos o sistema operacional para o qual o servidor se destina e fazemos teste de carga e de performance nestes servidores durante v\u00e1rios dias.<\/p>\n\n\n\n<p class=\"has-green-background-color has-background has-large-font-size wp-block-paragraph\"><strong>componentes<\/strong><\/p>\n\n\n\n<p class=\"wp-block-paragraph\">Os componentes do subsistema de hardware s\u00e3o auditados e comparados \u00e0 base de dados do fornecedor do sistema operacional e do fabricante do hardware. Durante a instala\u00e7\u00e3o s\u00e3o atualizados tanto os componentes adicionais de hardware (placas RAID, placas de rede, CPU microcode) quanto os drivers necess\u00e1rios para o uso com o sistema operacional, afim de proporcionar a melhor performance e estabilidade poss\u00edveis.<\/p>\n\n\n\n<div class=\"wp-block-cover aligncenter\"><span aria-hidden=\"true\" class=\"wp-block-cover__background has-background-dim\"><\/span><img loading=\"lazy\" decoding=\"async\" width=\"1024\" height=\"576\" class=\"wp-block-cover__image-background wp-image-2383\" alt=\"Dell EMC R540\" src=\"http:\/\/www.rsti.net.br\/wp-content\/uploads\/2022\/11\/rsti_media-files\/20200107_182740-1024x576.jpg\" data-object-fit=\"cover\" srcset=\"https:\/\/www.rsti.net.br\/wp-content\/uploads\/2022\/11\/rsti_media-files\/20200107_182740-1024x576.jpg 1024w, https:\/\/www.rsti.net.br\/wp-content\/uploads\/2022\/11\/rsti_media-files\/20200107_182740-300x169.jpg 300w, https:\/\/www.rsti.net.br\/wp-content\/uploads\/2022\/11\/rsti_media-files\/20200107_182740-768x432.jpg 768w, https:\/\/www.rsti.net.br\/wp-content\/uploads\/2022\/11\/rsti_media-files\/20200107_182740-1536x864.jpg 1536w, https:\/\/www.rsti.net.br\/wp-content\/uploads\/2022\/11\/rsti_media-files\/20200107_182740-2048x1152.jpg 2048w, https:\/\/www.rsti.net.br\/wp-content\/uploads\/2022\/11\/rsti_media-files\/20200107_182740-1568x882.jpg 1568w\" sizes=\"auto, (max-width: 1024px) 100vw, 1024px\" \/><div class=\"wp-block-cover__inner-container is-layout-flow wp-block-cover-is-layout-flow\">\n<p class=\"has-text-align-center has-large-font-size wp-block-paragraph\">Dell EMC R540<\/p>\n<\/div><\/div>\n\n\n\n<p class=\"has-green-background-color has-background has-large-font-size wp-block-paragraph\"><strong>licenciamento<\/strong><\/p>\n\n\n\n<p class=\"wp-block-paragraph\">Quando o servidor \u00e9 embarcado com o sistema operacional j\u00e1 instalado, \u00e9 oferecida a op\u00e7\u00e3o ao cliente de fornece-lo j\u00e1 licenciado, ou apenas com a licen\u00e7a tempor\u00e1ria &#8211; e seu departamento de TI se encarregar\u00e1 de dimensionar o licenciamento necess\u00e1rio de acordo com o numero de clientes de rede e seu uso.<\/p>\n\n\n<p>Windows Server<\/p>\n\n\n<ul class=\"wp-block-list\">\n<li>Microsoft Windows Server 2019 Datacenter &#8211; Para uso em datacenters com ambiente de grande virtualiza\u00e7\u00e3o e ambientes de nuvem.<\/li>\n\n\n\n<li>Microsoft Windows Server 2019 Standard &#8211; Para uso em ambientes f\u00edsicos ou ambiente com pouca virtualiza\u00e7\u00e3o.<\/li>\n\n\n\n<li>Microsoft Windows Server 2019 Essentials &#8211; Para uso por empresas de pequeno porte com at\u00e9 25 usu\u00e1rios e at\u00e9 50 dispositivos.<\/li>\n\n\n\n<li>Microsoft Hyper-V Server 2019 &#8211; Download gratuito do Hyper-V para criar ambiente de virtualiza\u00e7\u00e3o.<\/li>\n<\/ul>\n\n\n\n<p class=\"wp-block-paragraph\">RedHat Enterprise Linux<\/p>\n\n\n\n<ul class=\"wp-block-list\">\n<li>Red Hat Enterprise Linux AS para sistemas computacionais de miss\u00e3o cr\u00edtica\/empresariais;<\/li>\n\n\n\n<li>Red Hat Enterprise Linux ES para servidores com suporte em redes de trabalho;<\/li>\n\n\n\n<li>Red Hat Enterprise Linux WS para mesas de trabalho de usu\u00e1rios t\u00e9cnicos avan\u00e7ados ou computa\u00e7\u00e3o de alta performance.<\/li>\n<\/ul>\n\n\n\n<p class=\"wp-block-paragraph\">Ubuntu Server<\/p>\n\n\n\n<p class=\"wp-block-paragraph\">Debian Linux<\/p>\n\n\n\n<p class=\"wp-block-paragraph\">Proxmox Hypervisor<\/p>\n\n\n\n<p class=\"wp-block-paragraph\">WMWare<\/p>\n\n\n\n<ul class=\"wp-block-list\">\n<li>VMware Server (anteriormente VMware GSX Server)<\/li>\n\n\n\n<li>VMware ESXi (anteriormente VMware ESX)<\/li>\n\n\n\n<li>VMware Fusion<\/li>\n<\/ul>\n\n\n<div class=\"wp-block-image\">\n<figure class=\"aligncenter size-full\"><img loading=\"lazy\" decoding=\"async\" width=\"500\" height=\"310\" src=\"http:\/\/www.rsti.net.br\/wp-content\/uploads\/2022\/11\/dell\/dell-emc-poweredge-r640-inside_10.png\" alt=\"\" class=\"wp-image-2341\" srcset=\"https:\/\/www.rsti.net.br\/wp-content\/uploads\/2022\/11\/dell\/dell-emc-poweredge-r640-inside_10.png 500w, https:\/\/www.rsti.net.br\/wp-content\/uploads\/2022\/11\/dell\/dell-emc-poweredge-r640-inside_10-300x186.png 300w\" sizes=\"auto, (max-width: 500px) 100vw, 500px\" \/><\/figure>\n<\/div>\n\n\n<p class=\"wp-block-paragraph\"><\/p>\n","protected":false},"excerpt":{"rendered":"<p>diferencial O principal diferencial da RSTI junto ao mercado em rela\u00e7\u00e3o \u00e0 certifica\u00e7\u00e3o de servidores semi-novos \u00e9 que nossos servidores s\u00e3o testados quanto \u00e0 compatibilidade, estabilidade e desempenho com o Sistema Operacional instalado e em ambiente de produ\u00e7\u00e3o simulada: instalamos o sistema operacional para o qual o servidor se destina e fazemos teste de carga&hellip; <a class=\"more-link\" href=\"https:\/\/www.rsti.net.br\/?page_id=260\">Continuar lendo <span class=\"screen-reader-text\">Servidores certificados<\/span><\/a><\/p>\n","protected":false},"author":1,"featured_media":0,"parent":143,"menu_order":0,"comment_status":"open","ping_status":"closed","template":"","meta":{"_crdt_document":"","footnotes":""},"categories":[6,14],"tags":[],"class_list":["post-260","page","type-page","status-publish","hentry","category-infraestrutura","category-serv_premium","entry"],"_links":{"self":[{"href":"https:\/\/www.rsti.net.br\/index.php?rest_route=\/wp\/v2\/pages\/260","targetHints":{"allow":["GET"]}}],"collection":[{"href":"https:\/\/www.rsti.net.br\/index.php?rest_route=\/wp\/v2\/pages"}],"about":[{"href":"https:\/\/www.rsti.net.br\/index.php?rest_route=\/wp\/v2\/types\/page"}],"author":[{"embeddable":true,"href":"https:\/\/www.rsti.net.br\/index.php?rest_route=\/wp\/v2\/users\/1"}],"replies":[{"embeddable":true,"href":"https:\/\/www.rsti.net.br\/index.php?rest_route=%2Fwp%2Fv2%2Fcomments&post=260"}],"version-history":[{"count":6,"href":"https:\/\/www.rsti.net.br\/index.php?rest_route=\/wp\/v2\/pages\/260\/revisions"}],"predecessor-version":[{"id":2774,"href":"https:\/\/www.rsti.net.br\/index.php?rest_route=\/wp\/v2\/pages\/260\/revisions\/2774"}],"up":[{"embeddable":true,"href":"https:\/\/www.rsti.net.br\/index.php?rest_route=\/wp\/v2\/pages\/143"}],"wp:attachment":[{"href":"https:\/\/www.rsti.net.br\/index.php?rest_route=%2Fwp%2Fv2%2Fmedia&parent=260"}],"wp:term":[{"taxonomy":"category","embeddable":true,"href":"https:\/\/www.rsti.net.br\/index.php?rest_route=%2Fwp%2Fv2%2Fcategories&post=260"},{"taxonomy":"post_tag","embeddable":true,"href":"https:\/\/www.rsti.net.br\/index.php?rest_route=%2Fwp%2Fv2%2Ftags&post=260"}],"curies":[{"name":"wp","href":"https:\/\/api.w.org\/{rel}","templated":true}]}}